Calculate the remainder when p(-2) is divided by m(1).
19
Let d be 12/30 + (-48)/(-5). Let r be 10*(1*-2)/(-4). Suppose 0*t + d = r*t. Calculate the remainder when t is divided by 1.
0
Suppose 2*y = 4*y - 20. Suppose -3*o - 2*i + 17 = 0, 4*i + 4 - 8 = 0. Suppose o*j = 31 - 11. Calculate the remainder when y is divided by j.
2
Suppose -5*b = -4*x - 4, 5*b - 4*x - 4 = 2*b. Let g(c) = -5*c**2 + 2*c + 1. Let o be g(-1). What is the remainder when ((-3)/o + b)*26 is divided by 5?
3
Let t(a) = 5*a - 3. Suppose -2*f + 0 = -4. Suppose -2*g = -f*p + 3*p - 27, -2*p + 2 = 0. What is the remainder when g is divided by t(2)?
6
Suppose 131 = 4*m - 149. What is the remainder when m is divided by 18?
16
Suppose -5*l - 60 = -7*l. Calculate the remainder when 149 is divided by l.
29
What is the remainder when (-3)/(-9) - (-266)/3 is divided by 23?
20
Suppose 5*k + 0 - 15 = 0. Suppose 3*i - 16 = -2*t, -8 - 50 = -5*t - k*i. Calculate the remainder when 40 is divided by t.
12
Suppose -2*f + 5 = -f + 3*o, -f + o = 3. Calculate the remainder when 73 is divided by (-2)/6*57/f.
16
Let a be (-6)/15 + (-4)/(-10). Suppose 5*v - u - 85 = 0, a*v - 4*u = -v + 36. Let j = 25 - 16. What is the remainder when v is divided by j?
7
Let f = -371 + 618. What is the remainder when f is divided by 50?
47
Let b = -28 + 57. Let s = -8 + 18. Calculate the remainder when b is divided by s.
9
Let t = 28 - 23. Calculate the remainder when 13 is divided by t.
3
Calculate the remainder when 10 is divided by 4 + 2 - (4 + -5).
3
Suppose 0 = 3*v + 368 - 1025. What is the remainder when v is divided by 37?
34
Let s(q) = -q**3 + 4*q**2 - 3*q + 2. What is the remainder when 13 is divided by s(2)?
1
Suppose -235 = 59*s - 64*s. What is the remainder when s is divided by 6?
5
Let u(h) be the second derivative of -h**4/12 + h**3 + 9*h**2/2 + 2*h. Let p be u(7). Let a = p - -9. What is the remainder when 41 is divided by a?
8
Let m = -120 + 170. Calculate the remainder when m is divided by 14.
8
Let a = 23 + 14. Let y = a - 22. Calculate the remainder when 44 is divided by y.
14
Let n = 138 - 197. Let s = -27 - n. What is the remainder when s is divided by 11?
10
Let r(c) = -c**2 - 6*c + 5. Let o be r(-6). Suppose -224 = -o*z + 1. Calculate the remainder when z is divided by 23.
22
Let j(r) = -r**3 - 13*r**2 + 9*r - 24. What is the remainder when j(-14) is divided by 18?
10
Let j be 1*((7 - 3) + 1). Suppose 2*t - j = 71. Calculate the remainder when t is divided by 10.
8
What is the remainder when (-4 + (4 - 2))*-5 is divided by (0 - 72/42)*7/(-2)?
4
Suppose 0*v - 12 = v - 5*d, -4*d + 32 = 2*v. Calculate the remainder when (0/1)/(-1) + 22 is divided by v.
6
Let k(r) = r**2 + r + 4. Suppose 2*h - 2*z = z + 53, 5*h = -3*z + 164. What is the remainder when h is divided by k(-4)?
15
Let u = -34 - -58. Suppose -3*m = -m - u. What is the remainder when 22 is divided by m?
10
Let z = 94 - 46. Let w = z + -29. Calculate the remainder when 54 is divided by w.
16
Let z be 0/((-3)/(-1)) + -3. Let q be 3/9 + 1/z. Suppose 0*r + 4*r - 188 = q. What is the remainder when r is divided by 24?
23
Let y(j) = -j**2 - 9*j + 1. Suppose -5*z - l - 16 = -3*l, -15 = -5*l. What is the remainder when z + (-6)/(-3) + 2 is divided by y(-9)?
0
Let c = -8 - 13. Let l = c + 29. What is the remainder when 31/2 - (-2)/(-4) is divided by l?
7
Let d = -186 - -333. What is the remainder when d is divided by 37?
36
Let b(d) = -61*d. Suppose -z + 5 + 0 = 0. Suppose -w = -4*m + 89, z*m + 31 - 111 = -5*w. Calculate the remainder when b(-1) is divided by m.
19
Let v = 3 - 2. Let m = -5 - v. Calculate the remainder when (0 + -4)/(3/m) is divided by 5.
3
Suppose -3*z + a + 3*a + 34 = 0, -2*a + 10 = 3*z. Let d = z + -2. Suppose -d*r = m - 8, 0 = -0*m + 2*m + r - 9. What is the remainder when 7 is divided by m?
3
Suppose 0 = 6*m - 3*m - 60. Let g = 6 + 23. Let f = -18 + g. Calculate the remainder when m is divided by f.
9
Suppose 3*u - 12 = 0, -4*y - 5*u + 31 + 17 = 0. Let b = -30 - -54. Suppose -5*n + 4*h = -2 - 55, -b = -2*n + h. What is the remainder when n is divided by y?
6
Suppose -2*l + 12 = 4. Calculate the remainder when 6 is divided by l.
2
Suppose 3*y - 128 = 64. Let h be 2/7 + (-114)/(-42). Let p(z) = z**3 - z**2 + 4. Calculate the remainder when y is divided by p(h).
20
Let g = 39 - 13. Calculate the remainder when g is divided by 7.
5
Calculate the remainder when 30 is divided by 3/(-2)*(-32)/6.
6
Let c = 26 - 14. What is the remainder when (-3971)/(-121) + (-4)/(-22) is divided by c?
9
Let q(z) = 3*z - 11. Calculate the remainder when q(9) is divided by (108/(-30))/((-2)/5).
7
Suppose 5*c = 4*i + 425, 5*i = 4*c + 2*i - 341. Calculate the remainder when c is divided by 18.
17
Suppose 4*h = 5*m + 69, 2*m + 17 - 63 = -3*h. Suppose 5*c + 45 = 10*c. What is the remainder when h is divided by c?
7
Suppose 0 = -4*w + 2*w + 10. What is the remainder when 14 is divided by w?
4
Let q(l) = l**2 - 2*l + 7. Let w be q(5). Suppose 0 = -2*p + w + 24. What is the remainder when p is divided by 8?
7
Let c(m) = -m**3 - 17*m**2 + 15*m - 16. What is the remainder when 68 is divided by c(-18)?
30
Let u = -156 - -170. Calculate the remainder when 38 is divided by u.
10
Let k(q) = 3*q**3 - 2*q + 2. Let g = -353 - -379. What is the remainder when k(3) is divided by g?
25
Let f = -11 + 3. Let i = 74 + f. Let q = i + -37. Calculate the remainder when q is divided by 15.
14
Let o be -3 + (-15)/6*-6. Let w be 3/5 + o/30. Let h = w + 13. What is the remainder when 40 is divided by h?
12
Suppose 2*d = -d + 51. What is the remainder when 31 is divided by d?
14
Let o = 46 - 6. Suppose -2*y = 3*y - o. Let a(j) = 5*j + 3. What is the remainder when a(y) is divided by 15?
13
Suppose -7*l - l = -336. What is the remainder when 82 is divided by l?
40
Let j = -34 - -55. Let h(o) = o**3 + 12*o**2 - 2*o + 17. Calculate the remainder when h(-12) is divided by j.
20
Let x = -17 - -22. What is the remainder when x is divided by 3?
2
Let i(c) = -c. Let p be i(-3). Suppose -4*n + 7 = -2*b - 35, -n - p*b + 7 = 0. Calculate the remainder when 29 is divided by n.
9
Let d(o) = o**3 + 17*o**2 - 18*o + 8. Let a(m) = -m**2 - m - 2. Let z be a(0). What is the remainder when d(-18) is divided by 3 - (z/(-1) - 2)?
2
Suppose 3*v - 5*j - 47 = 0, 2*v - 2 = -j - 3*j. What is the remainder when v is divided by 4?
1
Let t = -7 - -5. Let c(d) = d**2 + 3*d - 5. Let x be c(-4). Calculate the remainder when (x + 2)/(t/(-38)) is divided by 11.
8
Let k = 50 - 35. Calculate the remainder when 129*(44/6 + -7) is divided by k.
13
Suppose x = -4*j + 49, 48 = x + 3*j - 6. Let c = x + -46. Calculate the remainder when c is divided by 8.
7
Suppose -15 = -y - 2*y. Let q(l) = 0 - y + 0*l - 6*l + l**2. Calculate the remainder when 2 is divided by q(7).
0
Let g(s) = s**3 - s**2 - 2*s + 2. Let b be g(2). Suppose b = -z + 14. Calculate the remainder when 34 is divided by z.
10
Suppose -4*p + 0*p = 5*l - 150, -3*l = 3*p - 87. Calculate the remainder when l is divided by 2.
0
Let y = 0 - -1. Let c be (0/(-1) + -1)*y. What is the remainder when 28 + (-2 - c) + 2 is divided by 10?
9
Let v = 28 + -1. Calculate the remainder when 53 is divided by v.
26
Calculate the remainder when -4 + (-1)/(5/(-130)) is divided by 12.
10
Let j = -7 - -51. Suppose -5*w + 6*w = 13. Let x(c) = -c**2 + 13*c + 15. What is the remainder when j is divided by x(w)?
14
Suppose 8 = h - 0*h. What is the remainder when h is divided by 3?
2
Let y be 69/15 - 6/(-15). Let o be 0 + 0 + (87 - 4). Suppose -13 + o = y*p. Calculate the remainder when 40 is divided by p.
12
Suppose 2*k + 4 = 12. Suppose 3*x - k*x - 12 = -5*f, 2 = -3*f - 4*x. What is the remainder when 1*26 + f + -2 is divided by 9?
8
Let f(b) = 5*b**2 + 3*b - 3. What is the remainder when 42 is divided by f(2)?
19
Let p(f) = f**2 - 11*f - 23. What is the remainder when ((-9)/(-6) + -1)*22 is divided by p(13)?
2
Let c be 3 + 2/((-2)/3). Suppose -3*x - 3 + 9 = c. Suppose t - 159 = -x*t. What is the remainder when t is divided by 14?
11
Suppose -2*s - j = 2*j + 27, 0 = 4*s - 5*j + 43. Let a = s - -29. Suppose o = 2*o - a. Calculate the remainder when 49 is divided by o.
15
Suppose -4*d + 4*a + 59 = -149, -a - 108 = -2*d. Suppose -3*z + 4*z - 66 = 0. Let y = z + -47. Calculate the rem